{"id":110,"date":"2011-10-20T19:29:34","date_gmt":"2011-10-20T17:29:34","guid":{"rendered":"https:\/\/adventkirken.info\/arendal\/?page_id=110"},"modified":"2024-07-05T10:15:10","modified_gmt":"2024-07-05T08:15:10","slug":"kart","status":"publish","type":"page","link":"https:\/\/adventkirken.info\/arendal\/kart\/","title":{"rendered":"Kart og veibeskrivelse"},"content":{"rendered":"<p>N\u00e5r du kommer fra \u00f8st eller vest p\u00e5 E-18, f\u00f8lg skilt mot Nedenes, ta f\u00f8rste rundkj\u00f8ring til venstre og f\u00f8lg vei 420 tilbake til Arendal. Ved en bensinstasjon ESSO, sving venstre og direkte venstre inn p\u00e5 bensinstasjonen. Passer gjennom bensinstasjons omr\u00e5det. Hovedinngang til kirken i enden p\u00e5 den gule delen av bygget (tidligere Kroverten p\u00e5 His).<\/p>\n\n\n<iframe loading=\"lazy\" src=\"https:\/\/www.google.com\/maps\/embed?pb=!1m14!1m8!1m3!1d8937.344871784999!2d8.735136789557277!3d58.432448226805164!3m2!1i1024!2i768!4f13.1!3m3!1m2!1s0x4647eb4856588d11%3A0xbe1fddbb6bb68b08!2sTangen%20alle%203%2C%204817%20His!5e1!3m2!1sen!2sno!4v1595575439860!5m2!1sen!2sno\" width=\"1175\" height=\"650\" frameborder=\"0\" style=\"border:0;\" allowfullscreen=\"\" aria-hidden=\"false\" tabindex=\"0\"><\/iframe>\n\n\n\n<p>Bes\u00f8ksadresse: Adventistkirken Arendal, Tangen All\u00e8 3, 4817 His.<\/p>\n","protected":false},"excerpt":{"rendered":"<p>N\u00e5r du kommer fra \u00f8st eller vest p\u00e5 E-18, f\u00f8lg skilt mot Nedenes, ta f\u00f8rste rundkj\u00f8ring til venstre og f\u00f8lg vei 420 tilbake til Arendal. Ved en bensinstasjon ESSO, sving venstre og direkte venstre inn p\u00e5 bensinstasjonen. Passer gjennom bensinstasjons omr\u00e5det. Hovedinngang til kirken i enden p\u00e5 den gule delen av bygget (tidligere Kroverten p\u00e5 [&hellip;]<\/p>\n","protected":false},"author":2,"featured_media":0,"parent":0,"menu_order":0,"comment_status":"closed","ping_status":"closed","template":"","meta":{"_uag_custom_page_level_css":"","site-sidebar-layout":"default","site-content-layout":"default","ast-site-content-layout":"default","site-content-style":"default","site-sidebar-style":"default","ast-global-header-display":"","ast-banner-title-visibility":"","ast-main-header-display":"","ast-hfb-above-header-display":"","ast-hfb-below-header-display":"","ast-hfb-mobile-header-display":"","site-post-title":"","ast-breadcrumbs-content":"","ast-featured-img":"","footer-sml-layout":"","ast-disable-related-posts":"","theme-transparent-header-meta":"default","adv-header-id-meta":"","stick-header-meta":"default","header-above-stick-meta":"","header-main-stick-meta":"","header-below-stick-meta":"","astra-migrate-meta-layouts":"set","ast-page-background-enabled":"default","ast-page-background-meta":{"desktop":{"background-color":"","background-image":"","background-repeat":"repeat","background-position":"center center","background-size":"auto","background-attachment":"scroll","background-type":"","background-media":"","overlay-type":"","overlay-color":"","overlay-opacity":"","overlay-gradient":""},"tablet":{"background-color":"","background-image":"","background-repeat":"repeat","background-position":"center center","background-size":"auto","background-attachment":"scroll","background-type":"","background-media":"","overlay-type":"","overlay-color":"","overlay-opacity":"","overlay-gradient":""},"mobile":{"background-color":"","background-image":"","background-repeat":"repeat","background-position":"center center","background-size":"auto","background-attachment":"scroll","background-type":"","background-media":"","overlay-type":"","overlay-color":"","overlay-opacity":"","overlay-gradient":""}},"ast-content-background-meta":{"desktop":{"background-color":"var(--ast-global-color-5)","background-image":"","background-repeat":"repeat","background-position":"center center","background-size":"auto","background-attachment":"scroll","background-type":"","background-media":"","overlay-type":"","overlay-color":"","overlay-opacity":"","overlay-gradient":""},"tablet":{"background-color":"var(--ast-global-color-5)","background-image":"","background-repeat":"repeat","background-position":"center center","background-size":"auto","background-attachment":"scroll","background-type":"","background-media":"","overlay-type":"","overlay-color":"","overlay-opacity":"","overlay-gradient":""},"mobile":{"background-color":"var(--ast-global-color-5)","background-image":"","background-repeat":"repeat","background-position":"center center","background-size":"auto","background-attachment":"scroll","background-type":"","background-media":"","overlay-type":"","overlay-color":"","overlay-opacity":"","overlay-gradient":""}},"footnotes":""},"class_list":["post-110","page","type-page","status-publish","hentry"],"uagb_featured_image_src":{"full":false,"thumbnail":false,"medium":false,"medium_large":false,"large":false,"1536x1536":false,"2048x2048":false},"uagb_author_info":{"display_name":"Webredakt\u00f8r","author_link":"https:\/\/adventkirken.info\/arendal\/author\/webredaktor\/"},"uagb_comment_info":0,"uagb_excerpt":"N\u00e5r du kommer fra \u00f8st eller vest p\u00e5 E-18, f\u00f8lg skilt mot Nedenes, ta f\u00f8rste rundkj\u00f8ring til venstre og f\u00f8lg vei 420 tilbake til Arendal. Ved en bensinstasjon ESSO, sving venstre og direkte venstre inn p\u00e5 bensinstasjonen. Passer gjennom bensinstasjons omr\u00e5det. Hovedinngang til kirken i enden p\u00e5 den gule delen av bygget (tidligere Kroverten p\u00e5&hellip;","_links":{"self":[{"href":"https:\/\/adventkirken.info\/arendal\/wp-json\/wp\/v2\/pages\/110","targetHints":{"allow":["GET"]}}],"collection":[{"href":"https:\/\/adventkirken.info\/arendal\/wp-json\/wp\/v2\/pages"}],"about":[{"href":"https:\/\/adventkirken.info\/arendal\/wp-json\/wp\/v2\/types\/page"}],"author":[{"embeddable":true,"href":"https:\/\/adventkirken.info\/arendal\/wp-json\/wp\/v2\/users\/2"}],"replies":[{"embeddable":true,"href":"https:\/\/adventkirken.info\/arendal\/wp-json\/wp\/v2\/comments?post=110"}],"version-history":[{"count":0,"href":"https:\/\/adventkirken.info\/arendal\/wp-json\/wp\/v2\/pages\/110\/revisions"}],"wp:attachment":[{"href":"https:\/\/adventkirken.info\/arendal\/wp-json\/wp\/v2\/media?parent=110"}],"curies":[{"name":"wp","href":"https:\/\/api.w.org\/{rel}","templated":true}]}}