{"id":1145,"date":"2020-12-23T18:14:47","date_gmt":"2020-12-23T17:14:47","guid":{"rendered":"https:\/\/adventkirken.info\/arendal\/?page_id=1145"},"modified":"2024-07-05T10:15:08","modified_gmt":"2024-07-05T08:15:08","slug":"personvern","status":"publish","type":"page","link":"https:\/\/adventkirken.info\/arendal\/personvern\/","title":{"rendered":"Personvernerkl\u00e6ring"},"content":{"rendered":"\n<p><strong>Informasjonskapsler (cookies)<\/strong><br>Vi bruker informasjonskapsler p\u00e5 v\u00e5re nettsider for \u00e5 gi deg best mulig brukeropplevelse. I henhold til lov om elektronisk kommunikasjon informerer vi v\u00e5re bes\u00f8kende om bruk av informasjons\u00adkapsler. Ved bruk av adventkirken.info samtykker du i at vi kan sette informasjonskapsler i din nettleser.<\/p>\n\n\n\n<p><strong>Bruk av informasjonskapsler (cookies)<\/strong><br>En informasjonskapsel er en liten tekstfil som legges i din nettleser sitt minne. De fleste nettlesere er innstilt p\u00e5 \u00e5 akseptere informasjonskapsler automatisk, men du kan selv velge \u00e5 endre innstillingene slik at informasjonskapsler ikke blir akseptert. Vi lagrer ikke personlig informasjon som kan identifisere deg.<\/p>\n\n\n\n<p><strong>Kontaktskjema<\/strong><br>Informasjonen du sender inn via kontakskjemaet genererer en melding som sendes som e-post fra nettsidens server til en dedikert e-post p\u00e5 domenet adventkirken.info. E-posttilbyderen er Google.<\/p>\n\n\n\n<p><strong>Nyhetsbrev<\/strong><br>Adventistkirken i Arendal benytter MailChimps nyhetsbrevtjeneste. Du kan n\u00e5r som helst se og endre informasjonen du har oppgitt da du tegnet nyhetsbrevabonnementet. \u00c5 avslutte abonnementet kan gj\u00f8res n\u00e5r du selv \u00f8nsker. Du finner lenke til avmelding i bunnen av hvert nyhetsbrev.<\/p>\n","protected":false},"excerpt":{"rendered":"<p>Informasjonskapsler (cookies)Vi bruker informasjonskapsler p\u00e5 v\u00e5re nettsider for \u00e5 gi deg best mulig brukeropplevelse. I henhold til lov om elektronisk kommunikasjon informerer vi v\u00e5re bes\u00f8kende om bruk av informasjons\u00adkapsler. Ved bruk av adventkirken.info samtykker du i at vi kan sette informasjonskapsler i din nettleser. Bruk av informasjonskapsler (cookies)En informasjonskapsel er en liten tekstfil som legges [&hellip;]<\/p>\n","protected":false},"author":1,"featured_media":0,"parent":0,"menu_order":0,"comment_status":"closed","ping_status":"closed","template":"","meta":{"_uag_custom_page_level_css":"","site-sidebar-layout":"default","site-content-layout":"default","ast-site-content-layout":"default","site-content-style":"default","site-sidebar-style":"default","ast-global-header-display":"","ast-banner-title-visibility":"","ast-main-header-display":"","ast-hfb-above-header-display":"","ast-hfb-below-header-display":"","ast-hfb-mobile-header-display":"","site-post-title":"","ast-breadcrumbs-content":"","ast-featured-img":"","footer-sml-layout":"","ast-disable-related-posts":"","theme-transparent-header-meta":"default","adv-header-id-meta":"","stick-header-meta":"default","header-above-stick-meta":"","header-main-stick-meta":"","header-below-stick-meta":"","astra-migrate-meta-layouts":"default","ast-page-background-enabled":"default","ast-page-background-meta":{"desktop":{"background-color":"","background-image":"","background-repeat":"repeat","background-position":"center center","background-size":"auto","background-attachment":"scroll","background-type":"","background-media":"","overlay-type":"","overlay-color":"","overlay-opacity":"","overlay-gradient":""},"tablet":{"background-color":"","background-image":"","background-repeat":"repeat","background-position":"center center","background-size":"auto","background-attachment":"scroll","background-type":"","background-media":"","overlay-type":"","overlay-color":"","overlay-opacity":"","overlay-gradient":""},"mobile":{"background-color":"","background-image":"","background-repeat":"repeat","background-position":"center center","background-size":"auto","background-attachment":"scroll","background-type":"","background-media":"","overlay-type":"","overlay-color":"","overlay-opacity":"","overlay-gradient":""}},"ast-content-background-meta":{"desktop":{"background-color":"var(--ast-global-color-5)","background-image":"","background-repeat":"repeat","background-position":"center center","background-size":"auto","background-attachment":"scroll","background-type":"","background-media":"","overlay-type":"","overlay-color":"","overlay-opacity":"","overlay-gradient":""},"tablet":{"background-color":"var(--ast-global-color-5)","background-image":"","background-repeat":"repeat","background-position":"center center","background-size":"auto","background-attachment":"scroll","background-type":"","background-media":"","overlay-type":"","overlay-color":"","overlay-opacity":"","overlay-gradient":""},"mobile":{"background-color":"var(--ast-global-color-5)","background-image":"","background-repeat":"repeat","background-position":"center center","background-size":"auto","background-attachment":"scroll","background-type":"","background-media":"","overlay-type":"","overlay-color":"","overlay-opacity":"","overlay-gradient":""}},"footnotes":""},"class_list":["post-1145","page","type-page","status-publish","hentry"],"uagb_featured_image_src":{"full":false,"thumbnail":false,"medium":false,"medium_large":false,"large":false,"1536x1536":false,"2048x2048":false},"uagb_author_info":{"display_name":"Asle","author_link":"https:\/\/adventkirken.info\/arendal\/author\/asleo\/"},"uagb_comment_info":0,"uagb_excerpt":"Informasjonskapsler (cookies)Vi bruker informasjonskapsler p\u00e5 v\u00e5re nettsider for \u00e5 gi deg best mulig brukeropplevelse. I henhold til lov om elektronisk kommunikasjon informerer vi v\u00e5re bes\u00f8kende om bruk av informasjons\u00adkapsler. Ved bruk av adventkirken.info samtykker du i at vi kan sette informasjonskapsler i din nettleser. Bruk av informasjonskapsler (cookies)En informasjonskapsel er en liten tekstfil som legges&hellip;","_links":{"self":[{"href":"https:\/\/adventkirken.info\/arendal\/wp-json\/wp\/v2\/pages\/1145","targetHints":{"allow":["GET"]}}],"collection":[{"href":"https:\/\/adventkirken.info\/arendal\/wp-json\/wp\/v2\/pages"}],"about":[{"href":"https:\/\/adventkirken.info\/arendal\/wp-json\/wp\/v2\/types\/page"}],"author":[{"embeddable":true,"href":"https:\/\/adventkirken.info\/arendal\/wp-json\/wp\/v2\/users\/1"}],"replies":[{"embeddable":true,"href":"https:\/\/adventkirken.info\/arendal\/wp-json\/wp\/v2\/comments?post=1145"}],"version-history":[{"count":0,"href":"https:\/\/adventkirken.info\/arendal\/wp-json\/wp\/v2\/pages\/1145\/revisions"}],"wp:attachment":[{"href":"https:\/\/adventkirken.info\/arendal\/wp-json\/wp\/v2\/media?parent=1145"}],"curies":[{"name":"wp","href":"https:\/\/api.w.org\/{rel}","templated":true}]}}